{"id":851,"date":"2022-03-04T11:28:36","date_gmt":"2022-03-04T11:28:36","guid":{"rendered":"https:\/\/startersites.io\/stagingtwo\/?page_id=851"},"modified":"2025-08-28T15:27:53","modified_gmt":"2025-08-28T15:27:53","slug":"gallery","status":"publish","type":"page","link":"https:\/\/venusworld.pl\/?page_id=851","title":{"rendered":"Pa\u0144stwa"},"content":{"rendered":"\n<div class=\"wp-block-stackable-columns alignfull stk-block-columns stk-block stk-cf247fd stk-block-background stk--has-background-overlay\" data-block-id=\"cf247fd\"><style>.stk-cf247fd {background-color:var(--theme-palette-color-4, #000000) !important;background-image:url(https:\/\/venusworld.pl\/wp-content\/uploads\/2025\/08\/panstwa-venus.jpg) !important;padding-top:390px !important;padding-right:35px !important;padding-bottom:320px !important;padding-left:35px !important;margin-bottom:0px !important;}.stk-cf247fd:before{background-color:var(--theme-palette-color-4, #000000) !important;opacity:0.4 !important;}@media screen and (max-width:999px){.stk-cf247fd {padding-top:290px !important;padding-bottom:250px !important;}}@media screen and (max-width:689px){.stk-cf247fd {padding-top:220px !important;padding-right:18px !important;padding-bottom:180px !important;padding-left:18px !important;}}<\/style><div class=\"stk-row stk-inner-blocks has-text-align-center stk-block-content stk-content-align stk-cf247fd-column\">\n<div class=\"wp-block-stackable-column stk-block-column stk-column stk-block stk-1d93b9f\" data-block-id=\"1d93b9f\"><style>.stk-1d93b9f-container{margin-top:0px !important;margin-right:0px !important;margin-bottom:0px !important;margin-left:0px !important;}<\/style><div class=\"stk-column-wrapper stk-block-column__content stk-container stk-1d93b9f-container stk--no-background stk--no-padding\"><div class=\"stk-block-content stk-inner-blocks stk-1d93b9f-inner-blocks\">\n\n\n\n<div class=\"wp-block-stackable-heading stk-block-heading stk-block-heading--v2 stk-block stk-436ce8b\" id=\"venus-world\" data-block-id=\"436ce8b\"><style>.stk-436ce8b {margin-bottom:16px !important;}.stk-436ce8b .stk-block-heading__text{font-size:100px !important;color:var(--theme-palette-color-8, #ffffff) !important;line-height:1.3em !important;font-weight:800 !important;}@media screen and (max-width:999px){.stk-436ce8b .stk-block-heading__text{font-size:70px !important;}}@media screen and (max-width:689px){.stk-436ce8b .stk-block-heading__text{font-size:40px !important;}}<\/style><h2 class=\"stk-block-heading__text has-text-color has-palette-color-8-color\">Venus World<\/h2><\/div>\n<\/div><\/div><\/div>\n<\/div><\/div>\n\n\n\n<div class=\"wp-block-stackable-columns stk-block-columns stk-block stk-c502d6f stk-block-background\" data-block-id=\"c502d6f\"><style>.stk-c502d6f {background-color:var(--theme-palette-color-7, #FDFDFD) !important;box-shadow:0px 20px 80px 0px #c1c7d440 !important;padding-top:40px !important;padding-right:35px !important;padding-bottom:40px !important;padding-left:35px !important;margin-top:-100px !important;margin-bottom:0px !important;}.stk-c502d6f:before{background-color:var(--theme-palette-color-7, #FDFDFD) !important;}@media screen and (max-width:689px){.stk-c502d6f {padding-top:8% !important;padding-right:5% !important;padding-bottom:8% !important;padding-left:5% !important;margin-top:-80px !important;}}<\/style><div class=\"stk-row stk-inner-blocks has-text-align-center-mobile stk-block-content stk-content-align stk-c502d6f-column\">\n<div class=\"wp-block-stackable-column stk-block-column stk-column stk-block stk-6efc083\" data-block-id=\"6efc083\"><style>.stk-6efc083-container{margin-top:0px !important;margin-right:0px !important;margin-bottom:0px !important;margin-left:0px !important;}<\/style><div class=\"stk-column-wrapper stk-block-column__content stk-container stk-6efc083-container stk--no-background stk--no-padding\"><div class=\"stk-block-content stk-inner-blocks stk-6efc083-inner-blocks\">\n<div class=\"wp-block-stackable-heading stk-block-heading stk-block-heading--v2 stk-block stk-a3cae07\" id=\"globalna-celebracja-kobiecej-urody\" data-block-id=\"a3cae07\"><style>.stk-a3cae07 {margin-bottom:5px !important;}.stk-a3cae07 .stk-block-heading__text{font-size:45px !important;font-weight:800 !important;}@media screen and (max-width:999px){.stk-a3cae07 .stk-block-heading__text{font-size:35px !important;}}@media screen and (max-width:689px){.stk-a3cae07 .stk-block-heading__text{font-size:30px !important;}}<\/style><h2 class=\"stk-block-heading__text has-text-align-center has-text-align-center-tablet\">Globalna Celebracja Kobiecej Urody<\/h2><\/div>\n\n\n\n<div class=\"wp-block-stackable-text stk-block-text stk-block stk-695f99c\" data-block-id=\"695f99c\"><style>.stk-695f99c {margin-bottom:7px !important;}@media screen and (max-width:999px){.stk-695f99c {margin-bottom:30px !important;}}@media screen and (max-width:689px){.stk-695f99c {margin-bottom:20px !important;}}<\/style><p class=\"stk-block-text__text has-text-align-center has-text-align-center-tablet\">Venus World to nowo powstaj\u0105cy konkurs pi\u0119kno\u015bci o globalnym zasi\u0119gu,<br>kt\u00f3ry ma na celu przyci\u0105gn\u0105\u0107 uczestniczki ze wszystkich zak\u0105tk\u00f3w \u015bwiata.<br>Nasz konkurs celebruje pi\u0119kno w jego najczystszej formie, \u0142\u0105cz\u0105c<br>uczestniczki z r\u00f3\u017cnych kultur w jednym,\u00a0<strong>spektakularnym wydarzeniu<\/strong>.<\/p><\/div>\n<\/div><\/div><\/div>\n<\/div><\/div>\n\n\n\n<div class=\"wp-block-stackable-columns stk-block-columns stk-block stk-5f0849f stk-block-background\" data-block-id=\"5f0849f\"><div class=\"stk-row stk-inner-blocks stk-block-content stk-content-align stk-5f0849f-column\">\n<div class=\"wp-block-stackable-column stk-block-column stk-column stk-block stk-6cf6e90\" data-v=\"4\" data-block-id=\"6cf6e90\"><div class=\"stk-column-wrapper stk-block-column__content stk-container stk-6cf6e90-container stk--no-background stk--no-padding\"><div class=\"stk-block-content stk-inner-blocks stk-6cf6e90-inner-blocks\">\n<div class=\"wp-block-stackable-spacer stk-block-spacer stk--no-padding stk-block stk-2c575e4\" data-block-id=\"2c575e4\"><style>.stk-2c575e4 {height:100px !important;}@media screen and (max-width:999px){.stk-2c575e4 {height:50px !important;}}@media screen and (max-width:689px){.stk-2c575e4 {height:30px !important;}}<\/style><\/div>\n\n\n\n<div class=\"wp-block-stackable-heading stk-block-heading stk-block-heading--v2 stk-block stk-75f51dc\" id=\"tworzymy-przyszlosc-razem\" data-block-id=\"75f51dc\"><style>.stk-75f51dc {margin-bottom:5px !important;}.stk-75f51dc .stk-block-heading__text{font-size:45px !important;font-weight:800 !important;}@media screen and (max-width:999px){.stk-75f51dc .stk-block-heading__text{font-size:35px !important;}}@media screen and (max-width:689px){.stk-75f51dc .stk-block-heading__text{font-size:30px !important;}}<\/style><h2 class=\"stk-block-heading__text has-text-align-center-tablet\">Tworzymy Przysz\u0142o\u015b\u0107 Razem<\/h2><\/div>\n\n\n\n<div class=\"wp-block-stackable-text stk-block-text stk-block stk-a24dea9\" data-block-id=\"a24dea9\"><style>.stk-a24dea9 {margin-bottom:17px !important;}@media screen and (max-width:999px){.stk-a24dea9 {margin-bottom:30px !important;}}@media screen and (max-width:689px){.stk-a24dea9 {margin-bottom:20px !important;}}<\/style><p class=\"stk-block-text__text has-text-align-center-tablet\">Venus World to co\u015b wi\u0119cej ni\u017c konkurs pi\u0119kno\u015bci \u2013 to ruch<br>jednocz\u0105cykobiety z r\u00f3\u017cnych kultur i kraj\u00f3w. Ka\u017cda uczestniczka<br>wnosi swoj\u0105 unikaln\u0105 histori\u0119, kultur\u0119 i pi\u0119kno, tworz\u0105c mozaik\u0119 <br>r\u00f3\u017cnorodno\u015bci, kt\u00f3ra jest sercem naszego konkursu.<\/p><\/div>\n\n\n\n<p>Zapraszamy do \u015bledzenia naszych post\u0119p\u00f3w <br>i do\u0142\u0105czenia do tej globalnej celebracji pi\u0119kna.\u00a0<br><strong>Razem mo\u017cemy stworzy\u0107 co\u015b wyj\u0105tkowego!<\/strong><\/p>\n\n\n\n<p>Masz gotowo\u015b\u0107 na takie wyzwanie?<br>Tworzysz mark\u0119, kt\u00f3ra mo\u017ce by\u0107 czego\u015b tak du\u017cego?<br><br>Napisz do nas<br><a href=\"mailto:office@venusworld.pl\"><strong>office@venusworld.pl <\/strong><\/a><\/p>\n<\/div><\/div><\/div>\n\n\n\n<div class=\"wp-block-stackable-column stk-block-column stk-column stk-block stk-bb2cfb3\" data-v=\"4\" data-block-id=\"bb2cfb3\"><div class=\"stk-column-wrapper stk-block-column__content stk-container stk-bb2cfb3-container stk--no-background stk--no-padding\"><div class=\"stk-block-content stk-inner-blocks stk-bb2cfb3-inner-blocks\">\n<div class=\"wp-block-stackable-spacer stk-block-spacer stk--no-padding stk-block stk-1e3c9cd\" data-block-id=\"1e3c9cd\"><style>.stk-1e3c9cd {height:100px !important;}@media screen and (max-width:999px){.stk-1e3c9cd {height:50px !important;}}@media screen and (max-width:689px){.stk-1e3c9cd {height:30px !important;}}<\/style><\/div>\n\n\n\n<div class=\"wp-block-stackable-image stk-block-image stk-block stk-a3744d9\" data-block-id=\"a3744d9\"><figure><span class=\"stk-img-wrapper stk-image--shape-stretch\"><img loading=\"lazy\" decoding=\"async\" class=\"stk-img wp-image-2720\" src=\"https:\/\/venusworld.pl\/wp-content\/uploads\/2025\/07\/1405d-globus-z-cieniem.png\" width=\"762\" height=\"762\" srcset=\"https:\/\/venusworld.pl\/wp-content\/uploads\/2025\/07\/1405d-globus-z-cieniem.png 762w, https:\/\/venusworld.pl\/wp-content\/uploads\/2025\/07\/1405d-globus-z-cieniem-300x300.png 300w, https:\/\/venusworld.pl\/wp-content\/uploads\/2025\/07\/1405d-globus-z-cieniem-150x150.png 150w\" sizes=\"auto, (max-width: 762px) 100vw, 762px\" \/><\/span><\/figure><\/div>\n<\/div><\/div><\/div>\n<\/div><\/div>\n\n\n\n<div class=\"wp-block-stackable-spacer stk-block-spacer stk--no-padding stk-block stk-2ed4a38\" data-block-id=\"2ed4a38\"><style>.stk-2ed4a38 {height:100px !important;}@media screen and (max-width:999px){.stk-2ed4a38 {height:50px !important;}}@media screen and (max-width:689px){.stk-2ed4a38 {height:30px !important;}}<\/style><\/div>\n","protected":false},"excerpt":{"rendered":"<p>Venus World Globalna Celebracja Kobiecej Urody Venus World to nowo powstaj\u0105cy konkurs pi\u0119kno\u015bci o globalnym zasi\u0119gu,kt\u00f3ry ma na celu przyci\u0105gn\u0105\u0107 uczestniczki ze wszystkich zak\u0105tk\u00f3w \u015bwiata.Nasz konkurs celebruje pi\u0119kno w jego najczystszej formie, \u0142\u0105cz\u0105cuczestniczki z r\u00f3\u017cnych kultur w jednym,\u00a0spektakularnym wydarzeniu. Tworzymy Przysz\u0142o\u015b\u0107 Razem Venus World to co\u015b wi\u0119cej ni\u017c konkurs pi\u0119kno\u015bci \u2013 to ruchjednocz\u0105cykobiety z r\u00f3\u017cnych [&hellip;]<\/p>\n","protected":false},"author":1,"featured_media":0,"parent":0,"menu_order":0,"comment_status":"closed","ping_status":"closed","template":"","meta":{"pgc_sgb_lightbox_settings":"","footnotes":""},"class_list":["post-851","page","type-page","status-publish","hentry"],"blocksy_meta":{"page_title_panel":"","has_hero_section":"disabled","5fd8ae0ffcf559d6a59387d08403c19e":"","hero_section":"type-1","hero_elements":[{"id":"custom_title","enabled":true,"heading_tag":"h1","title":"Home"},{"id":"custom_description","enabled":true,"description_visibility":{"desktop":true,"tablet":true,"mobile":false}},{"id":"custom_meta","enabled":false,"meta_elements":[{"id":"author","enabled":true,"label":"By","has_author_avatar":"yes","avatar_size":25},{"id":"post_date","enabled":true,"label":"On","date_format_source":"default","date_format":"M j, Y"},{"id":"updated_date","enabled":false,"label":"On","date_format_source":"default","date_format":"M j, Y"},{"id":"categories","enabled":false,"label":"In","style":"simple"},{"id":"comments","enabled":true}],"page_meta_elements":{"joined":true,"articles_count":true,"comments":true}},{"id":"breadcrumbs","enabled":false}],"f34b86d0ae5f819c85a8b5d03675e2b1":"","hero_alignment1":"CT_CSS_SKIP_RULE","hero_margin":40,"hero_alignment2":"center","hero_vertical_alignment":"center","ce71f34d86c686273bc31aacb9f7b079":"","hero_structure":"narrow","b580d2d557c5436d2c2c462978e22cac":"","page_title_bg_type":"featured_image","custom_hero_background":{"attachment_id":null},"parallax":{"desktop":false,"tablet":false,"mobile":false},"e6469cda8155a8bd644b824191e5d1ca":"","hero_height":"250px","pageTitleFont":{"family":"Default","variation":"Default","size":"30px","line-height":"CT_CSS_SKIP_RULE","letter-spacing":"CT_CSS_SKIP_RULE","text-transform":"CT_CSS_SKIP_RULE","text-decoration":"CT_CSS_SKIP_RULE"},"pageTitleFontColor":{"default":{"color":"CT_CSS_SKIP_RULEDEFAULT"}},"pageMetaFont":{"family":"Default","variation":"n6","size":"12px","line-height":"1.3","letter-spacing":"CT_CSS_SKIP_RULE","text-transform":"uppercase","text-decoration":"CT_CSS_SKIP_RULE"},"pageMetaFontColor":{"default":{"color":"CT_CSS_SKIP_RULEDEFAULT"},"hover":{"color":"CT_CSS_SKIP_RULEDEFAULT"}},"page_meta_button_type_font_colors":{"default":{"color":"CT_CSS_SKIP_RULEDEFAULT"},"hover":{"color":"CT_CSS_SKIP_RULEDEFAULT"}},"page_meta_button_type_background_colors":{"default":{"color":"CT_CSS_SKIP_RULEDEFAULT"},"hover":{"color":"CT_CSS_SKIP_RULEDEFAULT"}},"pageExcerptFont":{"family":"Default","variation":"Default","size":"CT_CSS_SKIP_RULE","line-height":"CT_CSS_SKIP_RULE","letter-spacing":"CT_CSS_SKIP_RULE","text-transform":"CT_CSS_SKIP_RULE","text-decoration":"CT_CSS_SKIP_RULE"},"pageExcerptColor":{"default":{"color":"CT_CSS_SKIP_RULEDEFAULT"}},"breadcrumbsFont":{"family":"Default","variation":"Default","size":"CT_CSS_SKIP_RULE","line-height":"CT_CSS_SKIP_RULE","letter-spacing":"CT_CSS_SKIP_RULE","text-transform":"CT_CSS_SKIP_RULE","text-decoration":"CT_CSS_SKIP_RULE"},"breadcrumbsFontColor":{"default":{"color":"CT_CSS_SKIP_RULEDEFAULT"},"initial":{"color":"CT_CSS_SKIP_RULEDEFAULT"},"hover":{"color":"CT_CSS_SKIP_RULEDEFAULT"}},"pageTitleOverlay":{"background_type":"color","background_pattern":"type-1","background_image":{"attachment_id":null,"x":0,"y":0},"gradient":"linear-gradient(135deg,rgba(6,147,227,1) 0%,rgb(155,81,224) 100%)","background_repeat":"repeat","background_size":"auto","background_attachment":"scroll","patternColor":{"default":{"color":"#e5e7ea"}},"overlayColor":{"default":{"color":"CT_CSS_SKIP_RULE"}},"backgroundColor":{"default":{"color":"CT_CSS_SKIP_RULE"}}},"pageTitleBackground":{"background_type":"color","background_pattern":"type-1","background_image":{"attachment_id":null,"x":0,"y":0},"gradient":"linear-gradient(135deg,rgba(6,147,227,1) 0%,rgb(155,81,224) 100%)","background_repeat":"repeat","background_size":"auto","background_attachment":"scroll","patternColor":{"default":{"color":"#e5e7ea"}},"overlayColor":{"default":{"color":"CT_CSS_SKIP_RULE"}},"backgroundColor":{"default":{"color":"var(--theme-palette-color-6)"}}},"pageTitlePadding":{"top":"50px","bottom":"50px","left":"auto","right":"auto","linked":true},"d3845f87838538ad0b357ce5589f024f":"","page_structure_type":"default","fe4c13166e4ba1ace14838e2031adfe7":"","content_style_source":"inherit","content_style":"wide","vertical_spacing_source":"custom","content_area_spacing":"none","background":{"background_type":"color","background_pattern":"type-1","background_image":{"attachment_id":null,"x":0,"y":0},"gradient":"linear-gradient(135deg,rgba(6,147,227,1) 0%,rgb(155,81,224) 100%)","background_repeat":"repeat","background_size":"auto","background_attachment":"scroll","patternColor":{"default":{"color":"#e5e7ea"}},"overlayColor":{"default":{"color":"CT_CSS_SKIP_RULE"}},"backgroundColor":{"default":{"color":"CT_CSS_SKIP_RULE"}}},"content_background":{"background_type":"color","background_pattern":"type-1","background_image":{"attachment_id":null,"x":0,"y":0},"gradient":"linear-gradient(135deg,rgba(6,147,227,1) 0%,rgb(155,81,224) 100%)","background_repeat":"repeat","background_size":"auto","background_attachment":"scroll","patternColor":{"default":{"color":"#e5e7ea"}},"overlayColor":{"default":{"color":"CT_CSS_SKIP_RULE"}},"backgroundColor":{"default":{"color":"var(--theme-palette-color-8)"}}},"content_boxed_shadow":{"inherit":false,"blur":18,"spread":-6,"v_offset":12,"h_offset":0,"inset":false,"enable":true,"color":{"color":"rgba(34, 56, 101, 0.04)"}},"boxed_content_spacing":{"desktop":{"top":"40px","bottom":"40px","left":"40px","right":"40px","linked":true},"tablet":{"top":"35px","bottom":"35px","left":"35px","right":"35px","linked":true},"mobile":{"top":"20px","bottom":"20px","left":"20px","right":"20px","linked":true}},"content_boxed_radius":{"top":"3px","bottom":"3px","left":"3px","right":"3px","linked":true},"65886cc08d8b020fa2bb456ae841125b":"","disable_featured_image":"no","disable_share_box":"no","disable_header":"no","disable_footer":"no","styles_descriptor":{"styles":{"desktop":"","tablet":"","mobile":""},"google_fonts":[],"version":6}},"_links":{"self":[{"href":"https:\/\/venusworld.pl\/index.php?rest_route=\/wp\/v2\/pages\/851","targetHints":{"allow":["GET"]}}],"collection":[{"href":"https:\/\/venusworld.pl\/index.php?rest_route=\/wp\/v2\/pages"}],"about":[{"href":"https:\/\/venusworld.pl\/index.php?rest_route=\/wp\/v2\/types\/page"}],"author":[{"embeddable":true,"href":"https:\/\/venusworld.pl\/index.php?rest_route=\/wp\/v2\/users\/1"}],"replies":[{"embeddable":true,"href":"https:\/\/venusworld.pl\/index.php?rest_route=%2Fwp%2Fv2%2Fcomments&post=851"}],"version-history":[{"count":3,"href":"https:\/\/venusworld.pl\/index.php?rest_route=\/wp\/v2\/pages\/851\/revisions"}],"predecessor-version":[{"id":2929,"href":"https:\/\/venusworld.pl\/index.php?rest_route=\/wp\/v2\/pages\/851\/revisions\/2929"}],"wp:attachment":[{"href":"https:\/\/venusworld.pl\/index.php?rest_route=%2Fwp%2Fv2%2Fmedia&parent=851"}],"curies":[{"name":"wp","href":"https:\/\/api.w.org\/{rel}","templated":true}]}}